8. Let t be c(-10). Suppose p - 68 = -u - 3*u, t*u = -10. Suppose -18*g = -17*g - p. List the prime factors of g.
2, 11
Let v(h) = -7*h - 115. Let q be v(-17). Suppose 4*i - 5*d - 4094 = -6*d, -5*i - q*d + 5112 = 0. List the prime factors of i.
2
Let l(d) = -79*d - 7. Let a be l(-6). Suppose -204*g + 212*g + 1992 = 0. Let c = a + g. List the prime factors of c.
2, 109
Suppose 0 = -w + 2 + 34. Suppose -11*i + w = -2*i. Suppose -2*b + i*b - 238 = 0. What are the prime factors of b?
7, 17
Let p(w) = -9311*w + 13269. What are the prime factors of p(-5)?
2, 3739
Suppose 2*f = -4*x + 88140, 6520*x + 4*f - 44052 = 6518*x. List the prime factors of x.
2, 3, 3673
Suppose -k + 4*i + 1 = 0, i = -6*k + k + 26. Suppose -809 = -k*z - 149. List the prime factors of z.
2, 3, 11
Let k = 711 + -304. Suppose 0 = -3*b - 140 + k. What are the prime factors of b?
89
Suppose 2*i - 4*n + 70 = 74, 2*n + 2 = 3*i. Suppose i = -17*t + 13*t + 4340. What are the prime factors of t?
5, 7, 31
Suppose 85*q - 23022 = 154798. What are the prime factors of q?
2, 523
Let l = -5640 + 14345. List the prime factors of l.
5, 1741
Let x(y) = y**2 + 11*y - 9. Let m be (-56)/(-16)*-3*4/21. Let j be m/9 + 224/36. List the prime factors of x(j).
3, 31
Let u = 14067 - 1652. List the prime factors of u.
5, 13, 191
Let r(l) = l**2 - 4*l - 11. Let q = 67 - 46. Let d = q + -12. What are the prime factors of r(d)?
2, 17
Let u be ((-56)/(-10))/(25/1500). Suppose 5*f = -k + u, -5*k + 0*k = -4*f - 1535. List the prime factors of k.
311
Let m = 239 - 235. Suppose 3*q = -3*f + 906, -f - 9 = -m*q - 296. List the prime factors of f.
13, 23
Suppose -2575 = -2*x + 5*z, 3*x + 0*x - z = 3843. List the prime factors of x.
2, 5
Let a = 7 - 0. List the prime factors of (14/4)/a*3546/9.
197
Suppose 2*s - 3 = s, 2*z - s - 4939 = 0. What are the prime factors of z?
7, 353
Suppose 25 - 5 = -4*x, 2033 = i - 3*x. Let h = i - 807. List the prime factors of h.
7, 173
Suppose 0 = -5*y + 4*s + 31, 2*s = 2*y - 4*y + 16. Let k(d) = 5 - y + 6*d - 4 + d**2 - 5. List the prime factors of k(8).
101
Suppose -18*c - 80*c + 169008 = 14*c. What are the prime factors of c?
3, 503
Suppose -3*c = 0, -5*c + 5 - 31 = -2*d. Suppose d*p - 1275 = 2794. What are the prime factors of p?
313
Let y be (-2 - -1 - 1)/(7/(-1498)). Let u = y + -736. Let x = u - -583. List the prime factors of x.
5, 11
Suppose -4*u - q = -21312, -7*u + 3*q = -10*u + 16002. List the prime factors of u.
2, 2663
Let c(g) = -g**3 + 5*g**2 + g + 11. Let y be c(-5). List the prime factors of 250*(-55)/(-8) - y/(-1024).
3, 191
Let v(j) = 41 + 22 + 2*j - 16*j + 11*j. What are the prime factors of v(-4)?
3, 5
Suppose 9*u = 11*u - 6. What are the prime factors of 8/20 - u/30*-2986?
13, 23
Let s = -401 + 408. Let d(o) = 3*o**3 - 12*o**2 + o - 24. What are the prime factors of d(s)?
2, 53
Let w(i) = 13*i**2 - 54*i + 301. List the prime factors of w(13).
2, 449
Suppose 70*q - 59*q - 253 = 0. Suppose q*n - 8*n - 690 = 0. List the prime factors of n.
2, 23
Let h(b) be the third derivative of -b**6/60 + b**5/15 - b**4/6 - 4*b**3/3 + 23*b**2. Let w be h(-8). Suppose -16 - w = -5*n. What are the prime factors of n?
2, 3, 11
Suppose -686266 = -31*y + 1185669. What are the prime factors of y?
5, 13, 929
Suppose -4*d + 25*f - 20*f = -14395, -4*d - 3*f + 14435 = 0. What are the prime factors of d?
5, 7, 103
Suppose 0 = 2*d + s - 60, 5*d - 2*s - 110 = 49. What are the prime factors of (-1 - 397)/(-2)*(d - 28)?
3, 199
Let y = 535 - 978. Let l = y + 245. Let m = -72 - l. What are the prime factors of m?
2, 3, 7
Suppose -3*u - 2155 - 525 = -2*i, 5348 = 4*i - 3*u. What are the prime factors of i?
2, 23, 29
Let z(r) = -196*r + 62. Let c be z(-14). Let o = c - 1836. List the prime factors of o.
2, 5, 97
Let f(i) = -i**3 - 17*i**2 + i - 18. Let x be f(-15). Let q be 2*x/(8 - 5). Let j = 513 + q. List the prime factors of j.
191
Suppose 46432 = 4*a + 4*u, -34*a + 58026 = -29*a - 2*u. What are the prime factors of a?
2, 7, 829
Suppose 6716 = 5*t - 23409. List the prime factors of t.
5, 241
Let f(b) = -4*b + 77. Let c be f(7). Let x = 378 + c. What are the prime factors of x?
7, 61
Let c be -6*3/(-6) + -1. Suppose 4*w + 3*n = 33, c*n = -4*w + 5 + 25. What are the prime factors of (-15)/(-20)*16/w?
2
Let j(d) = -9*d**3 + 7*d**2 - 16*d - 29. What are the prime factors of j(-9)?
7243
Let m(t) = -2*t**2 - t + 1. Let a(v) = -3*v**2 + 9*v + 46. Let u(o) = -a(o) - 4*m(o). What are the prime factors of u(9)?
2, 199
Let b = 325 + 649. Suppose -4*n + b = -2*j, 239 - 1463 = -5*n - 4*j. What are the prime factors of n?
2, 61
Suppose -211 = -6*d + 3*d + 2*v, 47 = d + 4*v. Suppose 70*h - d*h = 1128. What are the prime factors of h?
2, 47
Suppose q + 3*h + h - 4 = 0, 0 = -2*h. Suppose -l + 66 = -q*y, -4*l - 4*y + 298 = 14. Let f = 31 + l. List the prime factors of f.
101
Suppose 38098 = 15*b + 12278 - 11290. List the prime factors of b.
2, 1237
Suppose 145470 = 82*z - 52*z. List the prime factors of z.
13, 373
Let t(q) = 7*q**3 + 8*q**2 - 13*q - 57. Let h(i) = -10*i**3 - 12*i**2 + 20*i + 85. Let y(b) = 5*h(b) + 7*t(b). What are the prime factors of y(-6)?
2, 11
Suppose -26 = -0*n - 2*n + 5*u, 5 = -5*n - 5*u. Suppose -b + n*o = b - 7, -4*b = -5*o - 15. Suppose -b*t = -12 - 233. List the prime factors of t.
7
Let c(q) be the first derivative of -17*q**2/2 - 15*q - 23. Let o(d) = 222*d + 195. Let g(y) = 27*c(y) + 2*o(y). What are the prime factors of g(-10)?
3, 5
List the prime factors of ((-696)/6)/((-1)/(-107))*17/(-68).
29, 107
Let f(i) = 4*i**2 + 190*i - 745. List the prime factors of f(-118).
32531
Let s(j) = j**2 + 10. Let f be s(0). Let t be (9*(-5)/f)/(2/(-36)). Let o = 111 - t. What are the prime factors of o?
2, 3, 5
Let b = 294 + 291. Suppose -3*y = 5*s - 2390, 3*s + 3*y - 843 = b. What are the prime factors of s?
13, 37
Suppose -129 + 11 = -i. Suppose -i*b - 9338 = -125*b. List the prime factors of b.
2, 23, 29
Let u(s) = 5428*s - 143. What are the prime factors of u(1)?
5, 7, 151
Let y(i) = 2*i - 49. Let d be y(22). Let o be 493/d + (-38)/95. Let w = o + 171. List the prime factors of w.
2, 3
Let f = -8789 - -12984. What are the prime factors of f?
5, 839
Let j(f) be the third derivative of f**4/24 + 9*f**3 + 9*f**2. Let c be j(0). Let b = -20 + c. List the prime factors of b.
2, 17
Suppose -259*w + 76*w - 74*w + 1150589 = 0. What are the prime factors of w?
11, 37
Suppose -3*z + 2*z + 120 = 0. Suppose 27*u - 12879 = -12*u + 5646. Suppose 5*q = -z + u. List the prime factors of q.
71
Suppose -1120264 + 161548 = -10*z - 8*z. What are the prime factors of z?
2, 3, 11, 269
Suppose 0*m - 2*m - o + 947 = 0, 4*o = -5*m + 2372. List the prime factors of m.
2, 59
Let u be ((-4)/(-5))/(0 - (-14)/1855). Suppose -5*x + 954 = -u. Let f = 325 - x. List the prime factors of f.
113
Let v(p) = 2*p**2 - 12*p + 23. Let g(t) = 14 - 2 + 2*t**2 + t**3 - t**2. Let l be g(0). What are the prime factors of v(l)?
167
Suppose 6*w + 3*w = 5310. Suppose -106 = -8*j + w. List the prime factors of j.
3, 29
List the prime factors of (0 - (-7)/14)*6 - -2315.
2, 19, 61
List the prime factors of (-22480173)/(-2052) - (-1 - (-1 - (-3)/(-12))).
5, 7, 313
Let i = -1120 - -10118. List the prime factors of i.
2, 11, 409
What are the prime factors of 19980/360*1724/6?
37, 431
Suppose 7*g = -12*g - 285. Let s be 12/20 + (-2 - 21/g). Suppose 20*k - 17*k - 153 = s. What are the prime factors of k?
3, 17
Suppose 578424 = 138*g - 15095 - 745771. What are the prime factors of g?
3, 5, 647
Let u(f) = 1 + 50*f - 4 + 143*f - 4*f. List the prime factors of u(4).
3, 251
Suppose 5*j = 4*j + 3*c - 6, 33 = 2*j + 3*c. Suppose 0 = -j*q - 441 + 1422. List the prime factors of q.
109
Suppose -3*b = 2*t + 2*b - 11, 8 = 3*t - b. Suppose -t*g + 4*g - 182 = -5*j, 0 = -4*j. List the prime factors of g.
2, 7, 13
Let q(u) = -23*u. Let j be 5/((-5)/(-2))*(-1 - -4). Let r(l) = 24*l - 1. Let h(i) = j*q(i) + 5*r(i). What are the prime factors of h(-9)?
157
Let k = 18765 - 10780. List the prime factors of k.
5, 1597
What are the prime factors of (-30)/(-5)*-1 - (94420/(-2))/5?
2, 7, 337
List the prime factors of (3650/(-3))/(3/5 + (-292)/420).
5, 7, 73
List the prime factors of -7 - 13/((4/2658)/(-2)).
2, 5, 11, 157
Suppose -2*v - 57*t + 58*t = -15318, v + 2*t -